mber?
True
Let s be (20/6)/(12/(-3600)). Let g = s - -1449. Is g a composite number?
False
Is 132/42 + 8278008/168 a composite number?
False
Let y = -245027 + 356980. Is y prime?
True
Let x be (3*3/(-18))/(2/4). Let r be (-2 - x)/((-2)/5906). Suppose -3*g = 2*p - r, -g + 6*g = -p + 1494. Is p a composite number?
True
Is 162/(-135) - 300902/(-10) prime?
True
Let p(t) = 939*t**2 - 5*t - 2. Let a be p(-4). Let r = -5125 + a. Is r a prime number?
False
Let w = 2509 - -491. Let u be ((13 - 10) + 0)*(-1913)/(-3). Let n = w - u. Is n composite?
False
Let v = 40 - 40. Suppose -6*g + 0*g + 36 = v. Is (g/(-18))/((-1)/3777) prime?
True
Let v = -1697 + 31867. Suppose -5*x + v = 5*u, u + 18108 = 4*x - 6003. Is x a composite number?
False
Let f = 158 - 125. Let y = f - 28. Suppose 3*j + 788 = y*x - 1055, -746 = -2*x - j. Is x a composite number?
True
Let m(u) = 81*u**3 + 8*u**2 - 6*u - 4. Suppose 6*v = 2*s + 11*v + 10, 4*v = -2*s - 6. Is m(s) a composite number?
True
Let l(o) = -2*o**2 - 107. Let f be l(0). Let w = f - -112. Suppose -w*j - 4*c + 951 = 0, 923 = 8*j - 3*j - 3*c. Is j prime?
False
Let h = 139 - 136. Suppose -3*i - 3*t = -23727, h*i - 4*t + 0*t - 23755 = 0. Is i prime?
False
Let z(r) be the third derivative of 3*r**5/20 - r**4/24 - 19*r**3/6 - 78*r**2. Is z(9) a composite number?
False
Let t(m) = 1840*m**2 - 16*m + 65. Is t(8) a composite number?
True
Let t = -665376 + 1065043. Is t a prime number?
True
Suppose 0 = 4*z + 3*n - 4, -2*n + 12 = 8*z - 3*z. Suppose 11 + 27 = -z*d - 2*i, d = -5*i - 5. Is d + 211 + 2 + 0 a prime number?
False
Let g be (1 + -2)/((-1)/(-1)). Suppose a - 6 = -z - 8, 0 = 4*z + 2*a + 12. Is (z/(-6))/(8/(-2292)*g) prime?
True
Let x(o) = 3*o**2 - 11*o + 9. Let l(y) = 2*y**2 - 57*y + 7 - 3*y**2 + 66*y. Let w be l(9). Is x(w) composite?
False
Let y(a) = a**3 - 5*a**2 + 5*a + 1. Let p be y(4). Suppose 2*l + 2*l = d, -16 = 4*l - p*d. Is (l*-19)/((-8)/16) a composite number?
True
Let a(k) = -227*k**2 + 13*k + 39. Let s be a(11). Let j = -9766 - s. Is j a composite number?
False
Suppose q + q + 432962 = 4*q. Is q a composite number?
False
Suppose 87*f - 11058584 = -164*f + 67*f. Is f a composite number?
False
Let p = 1185897 + -707326. Is p a prime number?
True
Let y = -112 - -115. Let u be (((-4)/(-3))/4)/(y/4401). Let f = -238 + u. Is f composite?
False
Suppose -14*g + 3*r = -16*g - 19, 0 = -3*g - r - 25. Is (10/15)/(g/(-21108)) a composite number?
False
Let o be (-2)/((-8)/(-60)*3). Is (-4888)/o - (8 + 259/(-35)) composite?
False
Is ((-9)/36)/(34/(-6350248)) a prime number?
False
Let x = 45490 - 1843. Is x composite?
True
Suppose 95*s = 104*s - 499446. Suppose -s = -9*m - 9171. Is m a prime number?
True
Let z(o) = o**2 + 10*o - 14. Let h be z(-13). Let b(t) = -21 - 12 + 25*t**2 - 443*t**3 - h*t + 442*t**3 + 6. Is b(20) prime?
False
Let m(f) = 31*f + 1246. Let q be m(-37). Suppose 5 = -y - 5. Let a = q - y. Is a composite?
False
Suppose 49*a - 6453 = -3*o + 47*a, 4300 = 2*o + 2*a. Is o a composite number?
False
Suppose -y = 5*z - 4*y - 17, 3*z - 4*y = 8. Suppose -3*j = -z*r - 6833, 0 = -10*j + 5*j - 4*r + 11431. Is j a composite number?
True
Suppose -1188183 - 125873 = -86*o + 6533874. Is o a composite number?
True
Is 1615/266 + (-1)/14 - -79387 prime?
True
Let l = -41 - -43. Suppose l*z - z = 2*b - 3382, -5*z + 20 = 0. Is b composite?
False
Suppose -3*k = -j - 659, k + 2*j - 142 = 73. Let v be 0 + k*(-6 - -5). Let a = v - -1132. Is a prime?
False
Let o be 4/(-7) + ((-1841)/(-49) - -5). Let a be (3 - o/4)*(-8)/6. Suppose -2846 = a*b - 34876. Is b composite?
False
Suppose -18*g - 324 = -54. Is ((-4)/(-20))/(6/g)*-8354 a prime number?
True
Is 4/12*(19394 + 7) a prime number?
False
Let g be -4 - 3 - (2492 - 9). Is g/(-8) + (-2)/8 prime?
True
Suppose -4*n - 3*d + 189405 = 0, -5*n + d + 3*d + 236795 = 0. Is (-6)/(-8) - n/(-12) prime?
True
Suppose -4*k - 352247 = -3*r, -201*r = -200*r - k - 117415. Is r composite?
False
Suppose -127*v - 130 = -132*v. Suppose v*b + 313450 = 36*b. Is b prime?
False
Suppose 178 + 447 = 5*p. Let d(h) = -3 - p*h + 1 + 8. Is d(-5) composite?
False
Is 59114*(3 - -4 - ((-3)/6 - -7)) prime?
False
Suppose t + 5*t = 1145010. Suppose -5*s + t = 5*u, 8*u - 5*u + 76344 = 2*s. Suppose s = 37*y - 28*y. Is y prime?
True
Suppose -7 = a - 10. Suppose 0 = h - 4*f - f - 4706, 9 = a*f. Is h a prime number?
True
Let x = 394 - 395. Is x + 6 + 1*(-4448)/(-4) a composite number?
False
Suppose 2*u - 2816 = -30*u. Is ((-31228)/10)/(u/(-220)) prime?
False
Let h = 18 - -3. Suppose -4*o - h = -477. Let a = 769 - o. Is a composite?
True
Let m(k) = -810*k - 15. Let g be m(-3). Suppose -8427 + g = -9*y. Let r = -450 + y. Is r a prime number?
False
Let s be (12/(-20))/(9/(-1035)). Suppose 0 = -s*z + 1129199 + 53944. Is z a prime number?
False
Let f(h) be the third derivative of h**6/45 + h**5/20 - 7*h**4/8 - 37*h**3/6 - 40*h**2. Let x(t) be the first derivative of f(t). Is x(-9) composite?
True
Let y(x) = 73*x**2 + 193*x + 1333. Is y(-7) a composite number?
False
Suppose 38 = 3*w + 2*c - 98, 2*w - 94 = -2*c. Suppose -t - w = 15. Let f = t - -88. Is f composite?
False
Let z(k) = 903*k**2 + k - 8. Let r be z(3). Suppose 5*n = d + 18954, -4*n - d = r - 23287. Is n a composite number?
True
Let z(y) = -y**2 + 9*y + 26. Let f be z(11). Suppose 2*p = 2*v, f*v + 31 = -5*p + 4. Is 16/24 + (-2755)/p a composite number?
False
Let b(r) = -16*r + 293. Let l be b(18). Suppose -4*f - 2*m + 13536 = 0, -f + l*m - 10*m = -3366. Is f prime?
False
Let b be (-465)/(-62)*8/10. Suppose 0 = -4*d - l + 7414, b = 4*l - l. Is d prime?
False
Let b = -12354 + 19577. Is b composite?
True
Let k = 210763 + 752292. Is k prime?
False
Suppose 24 = 8*q - 0*q. Suppose -o + 276 = q*w, -151 = -4*w + 3*o + 217. Suppose -2*i - w = -3606. Is i a prime number?
False
Suppose 4*o + 1152157 = 3*x - 448354, x = -2*o + 533517. Is x a prime number?
True
Let a(d) be the first derivative of d**4/4 + 23*d**3/3 - 61*d**2/2 - 10*d - 88. Is a(-25) composite?
True
Is 28627 + 0 + (-1695)/(-113) prime?
False
Suppose z - 1 = 0, 0*z - 12 = -4*c - 4*z. Suppose 0 = 2*n - 6, c*q = 6*q + 4*n - 200. Is 1 + q + (1 - -2) composite?
True
Let l = -29 - -104. Let j = 75 - l. Let p(f) = 6*f + 26. Is p(j) prime?
False
Suppose 43*z - 51*z = -112. Suppose -5*x = -94 + z. Suppose -22352 = -x*u + 83808. Is u prime?
False
Suppose 6*t - x - 52079 = 2*t, 52078 = 4*t - 2*x. Let p = t - -3679. Is p prime?
True
Let c = 695197 - 456710. Is c prime?
False
Let x(v) = 34*v**2 + v + 104. Is x(55) a prime number?
False
Let x = 39 - 34. Suppose 0 = -n - 3*l + 5612, -8*n + 11279 = -6*n - x*l. Is n a composite number?
True
Let m = 55 + -56. Let i be (1873/m)/(-1*3/6). Let q = -2631 + i. Is q prime?
False
Suppose 807509 = 8*i + 212325. Is i a prime number?
False
Let x = -7055 + 13306. Suppose d - x = -6*d. Is d a prime number?
False
Suppose -3*u - 508 = -2*d, 0 = 5*u - 28*d + 26*d + 844. Let z = 2789 - u. Is z a composite number?
False
Is 0 + 2/3 + 3 + (-128199080)/(-141) composite?
False
Let u be (-8)/(-2)*-1 - -6. Suppose -2 = w + 5*i, 0 = 5*w - 5*i - u - 18. Suppose -5*s = 2*j - 2495, -5*j = -w*s - 0*s + 1528. Is s a composite number?
True
Suppose -245*c - 4591 = -248*c + a, -2*a - 1527 = -c. Is c a prime number?
True
Suppose 7*r - 8502241 = -34*r - 20*r. Is r a prime number?
False
Let n = -82636 + 127796. Suppose -28*h + 8*h + n = 0. Is h composite?
True
Let z be ((-126)/4)/(-7)*(-40)/(-45). Suppose 0 = 3*u - 5*d - 30446, z*u = 3*u - d + 10162. Is u a composite number?
True
Let f be 1999184/136 + (-24)/(-204). Suppose 2*v - 5877 = t, 6*t - f = -5*v + t. Is v composite?
False
Let d(q) = 94905*q + 5732. Is d(9) a composite number?
True
Suppose 3*d - 8*d = -15. Suppose 0 = 57*m - 50079 - 103023. Suppose -5*i + m = -x, 0*x - 2682 = -5*i - d*x. Is i prime?
False
Let p(s) = 3*s + 2. Let c be p(2). Suppose 11*k = c*k + 1137. Let f = 858 - k. Is f composite?
False
Let u(p) = 1712*p**2 + 334*p + 4313. Is u(-14) a prime number?
False
Let s(v) = -v - 5. Let p be s(-7). Let w = p + 2. Suppose -4*k = -3*k + w*r - 529, -k + 519 = 2*r. Is k a composite number?
False
Let k(f) = -6*f - 6. Let d be k(-3). Suppose -8*u = -2*u - d. Suppose 55 = -n + u*n. Is n composite?
True
Is ((-48)/(6144/(-224)))/((-2)/(-93256)) prime?
False
Suppose 